{"id":417,"date":"2022-09-20T18:31:30","date_gmt":"2022-09-20T16:31:30","guid":{"rendered":"https:\/\/max-leven-zentrum.de\/150synagoge\/?page_id=417"},"modified":"2022-09-24T14:11:55","modified_gmt":"2022-09-24T12:11:55","slug":"5-kippa-tag-2022","status":"publish","type":"page","link":"https:\/\/max-leven-zentrum.de\/150synagoge\/5-kippa-tag-2022\/","title":{"rendered":"5. Kippa-Tag 2022"},"content":{"rendered":"\n<p>Der zweite Workshop \u201eJ\u00fcdisches Leben heute\u201c, der als Ausflug in die Bergische Synagoge in Wuppertal f\u00fcr den 24. August 2022 geplant war, musste leider wegen zu geringer Anmeldezahlen vertagt werden. Am Vortag fand jedoch auf dem Walter-Scheel-Platz vor dem Rathaus der inzwischen <a href=\"https:\/\/www.solingen.de\/de\/aktuelles\/2-pressemitteilung-2022-418-stm\/\" target=\"_blank\" rel=\"noreferrer noopener\">f\u00fcnfte Solinger Kippa-Tag<\/a> statt, eine Solidarit\u00e4tsbekundung mit den J\u00fcdinnen und Juden im Bergischen Land. <\/p>\n\n\n\n<figure class=\"wp-block-image size-large\"><img loading=\"lazy\" decoding=\"async\" width=\"1024\" height=\"768\" src=\"https:\/\/max-leven-zentrum.de\/150synagoge\/wp-content\/uploads\/2022\/09\/kippa_6132-1024x768.jpg\" alt=\"\" class=\"wp-image-419\" srcset=\"https:\/\/max-leven-zentrum.de\/150synagoge\/wp-content\/uploads\/2022\/09\/kippa_6132-1024x768.jpg 1024w, https:\/\/max-leven-zentrum.de\/150synagoge\/wp-content\/uploads\/2022\/09\/kippa_6132-300x225.jpg 300w, https:\/\/max-leven-zentrum.de\/150synagoge\/wp-content\/uploads\/2022\/09\/kippa_6132-768x576.jpg 768w, https:\/\/max-leven-zentrum.de\/150synagoge\/wp-content\/uploads\/2022\/09\/kippa_6132-1536x1152.jpg 1536w, https:\/\/max-leven-zentrum.de\/150synagoge\/wp-content\/uploads\/2022\/09\/kippa_6132-2048x1536.jpg 2048w\" sizes=\"auto, (max-width: 1024px) 100vw, 1024px\" \/><\/figure>\n\n\n\n<p>Anlass f\u00fcr den ersten Kippa-Tag in Solingen war 2018 der gewaltt\u00e4tige Angriff auf einen Kippa tragenden Juden in Berlin gewesen, der dort und in anderen St\u00e4dten zu \u00e4hnlichen Kundgebungen gef\u00fchrt hatte. Dass diese nun regelm\u00e4\u00dfig stattfinden, ist jedoch ungew\u00f6hnlich. \u201eIch kenne keine zweite Stadt, die seit f\u00fcnf Jahren jedes Jahr einen Kippa-Tag veranstaltet\u201c, bedankte sich Leonid Goldberg, Vorsitzender der j\u00fcdischen Gemeinde, bei den rund 100 Anwesenden und dem <a rel=\"noreferrer noopener\" href=\"https:\/\/www.ness-ziona.de\/\" target=\"_blank\">Freundeskreis Solingen\u2013Ness Ziona<\/a>, der gemeinsam mit der Stadt Solingen zur Teilnahme aufgerufen hatte. <\/p>\n\n\n\n<p>Dass der Ausdruck der Solidarit\u00e4t best\u00e4ndig n\u00f6tig ist, zeigen bedr\u00fcckende Statistiken. Fast 700 antisemitisch motivierte Straftaten verzeichnete das Innenministerium des Landes NRW in den zur\u00fcckliegenden zweieinhalb Jahren. Gleichzeitig zeigt beispielhaft die anhaltende Debatte um antisemitische Bildsprache auf der documenta fifteen in Kassel, wie n\u00f6tig auch die Auseinandersetzung mit allt\u00e4glichem Antisemitismus ist. <\/p>\n\n\n\n<figure class=\"wp-block-gallery has-nested-images columns-default is-cropped wp-block-gallery-1 is-layout-flex wp-block-gallery-is-layout-flex\">\n<figure class=\"wp-block-image size-large\"><img loading=\"lazy\" decoding=\"async\" width=\"2560\" height=\"1920\" data-id=\"420\" src=\"https:\/\/max-leven-zentrum.de\/150synagoge\/wp-content\/uploads\/2022\/09\/kippa_6146-scaled.jpg\" alt=\"\" class=\"wp-image-420\" srcset=\"https:\/\/max-leven-zentrum.de\/150synagoge\/wp-content\/uploads\/2022\/09\/kippa_6146-scaled.jpg 2560w, https:\/\/max-leven-zentrum.de\/150synagoge\/wp-content\/uploads\/2022\/09\/kippa_6146-300x225.jpg 300w, https:\/\/max-leven-zentrum.de\/150synagoge\/wp-content\/uploads\/2022\/09\/kippa_6146-1024x768.jpg 1024w, https:\/\/max-leven-zentrum.de\/150synagoge\/wp-content\/uploads\/2022\/09\/kippa_6146-768x576.jpg 768w, https:\/\/max-leven-zentrum.de\/150synagoge\/wp-content\/uploads\/2022\/09\/kippa_6146-1536x1152.jpg 1536w, https:\/\/max-leven-zentrum.de\/150synagoge\/wp-content\/uploads\/2022\/09\/kippa_6146-2048x1536.jpg 2048w\" sizes=\"auto, (max-width: 2560px) 100vw, 2560px\" \/><\/figure>\n\n\n\n<figure class=\"wp-block-image size-large\"><img loading=\"lazy\" decoding=\"async\" width=\"2560\" height=\"1920\" data-id=\"421\" src=\"https:\/\/max-leven-zentrum.de\/150synagoge\/wp-content\/uploads\/2022\/09\/kippa_6143-scaled.jpg\" alt=\"\" class=\"wp-image-421\" srcset=\"https:\/\/max-leven-zentrum.de\/150synagoge\/wp-content\/uploads\/2022\/09\/kippa_6143-scaled.jpg 2560w, https:\/\/max-leven-zentrum.de\/150synagoge\/wp-content\/uploads\/2022\/09\/kippa_6143-300x225.jpg 300w, https:\/\/max-leven-zentrum.de\/150synagoge\/wp-content\/uploads\/2022\/09\/kippa_6143-1024x768.jpg 1024w, https:\/\/max-leven-zentrum.de\/150synagoge\/wp-content\/uploads\/2022\/09\/kippa_6143-768x576.jpg 768w, https:\/\/max-leven-zentrum.de\/150synagoge\/wp-content\/uploads\/2022\/09\/kippa_6143-1536x1152.jpg 1536w, https:\/\/max-leven-zentrum.de\/150synagoge\/wp-content\/uploads\/2022\/09\/kippa_6143-2048x1536.jpg 2048w\" sizes=\"auto, (max-width: 2560px) 100vw, 2560px\" \/><\/figure>\n<\/figure>\n\n\n\n<p>Oberb\u00fcrgermeister Tim Kurzbach warb daher neben dem entschiedenen Eintreten gegen Antisemitismus und Rassismus wiederholt f\u00fcr Begegnung und mehr Sichtbarkeit. \u201eUnser Gedenken reicht nicht, wenn es zu einem Ritual wird. Von dieser Veranstaltung muss ein Signal ausgehen!\u201c Besonders die Installation der Fensterrose am Bunker Malteserstra\u00dfe im M\u00e4rz war ihm ein Anliegen. \u201eDer Davidstern, den die Nationalsozialisten aus dem Stadtbild tilgen wollten, leuchtet nun wieder \u00fcber Solingen.\u201c <\/p>\n\n\n\n<p>Ausgehend von dem bewegenden <a href=\"https:\/\/max-leven-zentrum.de\/150synagoge\/festakt\/\" data-type=\"page\" data-id=\"232\">Festakt zum 150. Jahrestag<\/a> der Einweihung der Solinger Synagoge soll die Heimatwerkstatt weitere Impulse setzen, Geschichte und Gegenwart j\u00fcdischen Lebens pr\u00e4senter machen und zu einer Selbstverst\u00e4ndlichkeit des \u00f6ffentlichen Lebens werden lassen.<\/p>\n\n\n\n<p>Unter den Anwesenden waren auch Vertreter und Vertreterinnen aus der <a href=\"https:\/\/www.solingen.de\/de\/inhalt\/staedtepartnerschaft-mit-ness-ziona\/\" target=\"_blank\" rel=\"noreferrer noopener\">israelischen Partnerstadt Ness Ziona<\/a>, darunter der B\u00fcrgermeister Schmuel Boxer. Am Abend wurden im Zentrum f\u00fcr verfolgte K\u00fcnste 35 Jahre St\u00e4dtepartnerschaft und 20 Jahre Freundeskreis Solingen-Ness Ziona gefeiert.<\/p>\n\n\n\n<figure class=\"wp-block-image size-large\"><img loading=\"lazy\" decoding=\"async\" width=\"1024\" height=\"768\" src=\"https:\/\/max-leven-zentrum.de\/150synagoge\/wp-content\/uploads\/2022\/09\/IMAG6139-1024x768.jpg\" alt=\"\" class=\"wp-image-423\" srcset=\"https:\/\/max-leven-zentrum.de\/150synagoge\/wp-content\/uploads\/2022\/09\/IMAG6139-1024x768.jpg 1024w, https:\/\/max-leven-zentrum.de\/150synagoge\/wp-content\/uploads\/2022\/09\/IMAG6139-300x225.jpg 300w, https:\/\/max-leven-zentrum.de\/150synagoge\/wp-content\/uploads\/2022\/09\/IMAG6139-768x576.jpg 768w, https:\/\/max-leven-zentrum.de\/150synagoge\/wp-content\/uploads\/2022\/09\/IMAG6139-1536x1152.jpg 1536w, https:\/\/max-leven-zentrum.de\/150synagoge\/wp-content\/uploads\/2022\/09\/IMAG6139-2048x1536.jpg 2048w\" sizes=\"auto, (max-width: 1024px) 100vw, 1024px\" \/><figcaption>Fotos: Daniela Tobias<\/figcaption><\/figure>\n","protected":false},"excerpt":{"rendered":"<p>Der zweite Workshop \u201eJ\u00fcdisches Leben heute\u201c, der als Ausflug in die Bergische Synagoge in Wuppertal f\u00fcr den 24. August 2022<\/p>\n","protected":false},"author":2,"featured_media":0,"parent":0,"menu_order":0,"comment_status":"closed","ping_status":"closed","template":"","meta":{"colormag_page_layout":"default_layout","footnotes":""},"class_list":["post-417","page","type-page","status-publish","hentry"],"_links":{"self":[{"href":"https:\/\/max-leven-zentrum.de\/150synagoge\/wp-json\/wp\/v2\/pages\/417","targetHints":{"allow":["GET"]}}],"collection":[{"href":"https:\/\/max-leven-zentrum.de\/150synagoge\/wp-json\/wp\/v2\/pages"}],"about":[{"href":"https:\/\/max-leven-zentrum.de\/150synagoge\/wp-json\/wp\/v2\/types\/page"}],"author":[{"embeddable":true,"href":"https:\/\/max-leven-zentrum.de\/150synagoge\/wp-json\/wp\/v2\/users\/2"}],"replies":[{"embeddable":true,"href":"https:\/\/max-leven-zentrum.de\/150synagoge\/wp-json\/wp\/v2\/comments?post=417"}],"version-history":[{"count":5,"href":"https:\/\/max-leven-zentrum.de\/150synagoge\/wp-json\/wp\/v2\/pages\/417\/revisions"}],"predecessor-version":[{"id":444,"href":"https:\/\/max-leven-zentrum.de\/150synagoge\/wp-json\/wp\/v2\/pages\/417\/revisions\/444"}],"wp:attachment":[{"href":"https:\/\/max-leven-zentrum.de\/150synagoge\/wp-json\/wp\/v2\/media?parent=417"}],"curies":[{"name":"wp","href":"https:\/\/api.w.org\/{rel}","templated":true}]}}