{"id":337,"date":"2021-06-09T12:13:58","date_gmt":"2021-06-09T10:13:58","guid":{"rendered":"https:\/\/max-leven-zentrum.de\/2021JLID\/?page_id=337"},"modified":"2022-12-07T11:00:22","modified_gmt":"2022-12-07T10:00:22","slug":"stadt-rundgaenge-zur-geschichte-der-juden","status":"publish","type":"page","link":"https:\/\/max-leven-zentrum.de\/2021JLID\/dee\/stadt-rundgaenge-zur-geschichte-der-juden\/","title":{"rendered":"Stadtrundg\u00e4nge zur Geschichte der Juden"},"content":{"rendered":"\n<div class=\"wp-block-columns alignwide are-vertically-aligned-center is-style-twentytwentyone-columns-overlap is-layout-flex wp-container-core-columns-is-layout-9d6595d7 wp-block-columns-is-layout-flex\">\n<div class=\"wp-block-column is-layout-flow wp-block-column-is-layout-flow\"><div class=\"wp-block-image\">\n<figure class=\"alignright size-large\"><img loading=\"lazy\" decoding=\"async\" width=\"136\" height=\"145\" src=\"https:\/\/max-leven-zentrum.de\/2021JLID\/wp-content\/uploads\/2021\/05\/BMI_Fz_2018_Office_Farbe_small-1.png\" alt=\"Gef\u00f6rdert durch das Bundesministeriums des Innern, f\u00fcr Bau und Heimat aufgrund eines Beschlusses des Deutschen Bundestages\" class=\"wp-image-200\"\/><\/figure>\n<\/div>\n\n\n<p class=\"has-large-font-size\" style=\"line-height:1.6\">2021 ist das <a rel=\"noreferrer noopener\" href=\"https:\/\/2021jlid.de\/\" target=\"_blank\">Jahr des j\u00fcdischen Lebens<\/a> in Deutschland. Der Verein <a rel=\"noreferrer noopener\" href=\"https:\/\/max-leven-zentrum.de\/\" target=\"_blank\">Max-Leven-Zentrum Solingen<\/a> besch\u00e4ftigt sich mit der Geschichte von Juden und J\u00fcdinnen in Solingen. J\u00fcdische Familien gibt es in Solingen mindestens seit dem Jahr 1568. Auf unserer Website erfahren Sie mehr \u00fcber die Unternehmer-Familie Coppel, \u00fcber j\u00fcdische \u00c4rzte und \u00c4rztinnen und \u00fcber die j\u00fcdischen Kaufleute in Solingen-Ohligs. Viele j\u00fcdische Familien mussten Solingen im Nationalsozialismus verlassen. Wir haben uns mit den Nachfahren unterhalten.<\/p>\n\n\n\n<p class=\"has-large-font-size\" style=\"line-height:1.6\">Unser Verein macht auch F\u00fchrungen. Man kann die F\u00fchrungen zu Fu\u00df oder mit dem Rad machen. Sie finden alle Touren auf dieser Website. Die Touren gibt es auf <a href=\"https:\/\/max-leven-zentrum.de\/2021JLID\/juedische-kaufleute-in-ohligs\/\" data-type=\"page\" data-id=\"145\">Deutsch<\/a> (auch in Einfacher Sprache), auf Englisch und auf T\u00fcrkisch.<\/p>\n\n\n\n<p class=\"has-large-font-size\" style=\"line-height:1.6\">Sie m\u00f6chten einen Termin f\u00fcr eine F\u00fchrung ausmachen? Dann schreiben Sie uns eine E-Mail an <a href=\"mailto:info@max-leven-zentrum.de\">info@max-leven-zentrum.de<\/a>.<\/p>\n\n\n\n<p class=\"has-small-font-size\"><em>Bearbeitung von Andrea Halbritter, C\u00f4t\u00e9 Langues, November 2021<\/em><\/p>\n<\/div>\n<\/div>\n\n\n\n<div class=\"wp-block-columns is-style-default is-layout-flex wp-container-core-columns-is-layout-53642b31 wp-block-columns-is-layout-flex\" style=\"padding-top:0;padding-right:0;padding-bottom:0;padding-left:0\">\n<div class=\"wp-block-column is-layout-flow wp-block-column-is-layout-flow\"><div class=\"wp-block-image is-style-default\">\n<figure class=\"alignright size-full\"><a href=\"https:\/\/max-leven-zentrum.de\" target=\"_blank\" rel=\"noopener\"><img loading=\"lazy\" decoding=\"async\" width=\"400\" height=\"68\" src=\"https:\/\/max-leven-zentrum.de\/2021JLID\/wp-content\/uploads\/2021\/05\/Logo-MLZev-Futura.jpg\" alt=\"Logo Bildungs- und Gedenkst\u00e4tte Max-Leven-Zentrum Solingen e. V.\" class=\"wp-image-45\" srcset=\"https:\/\/max-leven-zentrum.de\/2021JLID\/wp-content\/uploads\/2021\/05\/Logo-MLZev-Futura.jpg 400w, https:\/\/max-leven-zentrum.de\/2021JLID\/wp-content\/uploads\/2021\/05\/Logo-MLZev-Futura-300x51.jpg 300w\" sizes=\"auto, (max-width: 400px) 100vw, 400px\" \/><\/a><\/figure>\n<\/div><\/div>\n\n\n\n<div class=\"wp-block-column is-layout-flow wp-block-column-is-layout-flow\" style=\"flex-basis:40%\">\n<figure class=\"wp-block-image size-medium\"><a href=\"https:\/\/2021jlid.de\/\" target=\"_blank\" rel=\"noopener\"><img loading=\"lazy\" decoding=\"async\" width=\"300\" height=\"56\" src=\"https:\/\/max-leven-zentrum.de\/2021JLID\/wp-content\/uploads\/2021\/05\/2021JLID_quer_rgb-300x56.png\" alt=\"Logo Festjahr 2021 J\u00fcdisches Leben in Deutschland\" class=\"wp-image-44\" srcset=\"https:\/\/max-leven-zentrum.de\/2021JLID\/wp-content\/uploads\/2021\/05\/2021JLID_quer_rgb-300x56.png 300w, https:\/\/max-leven-zentrum.de\/2021JLID\/wp-content\/uploads\/2021\/05\/2021JLID_quer_rgb-1024x191.png 1024w, https:\/\/max-leven-zentrum.de\/2021JLID\/wp-content\/uploads\/2021\/05\/2021JLID_quer_rgb-768x143.png 768w, https:\/\/max-leven-zentrum.de\/2021JLID\/wp-content\/uploads\/2021\/05\/2021JLID_quer_rgb-1536x287.png 1536w, https:\/\/max-leven-zentrum.de\/2021JLID\/wp-content\/uploads\/2021\/05\/2021JLID_quer_rgb-1568x293.png 1568w, https:\/\/max-leven-zentrum.de\/2021JLID\/wp-content\/uploads\/2021\/05\/2021JLID_quer_rgb.png 2047w\" sizes=\"auto, (max-width: 300px) 100vw, 300px\" \/><\/a><\/figure>\n<\/div>\n<\/div>\n\n\n\n<hr class=\"wp-block-separator has-css-opacity\"\/>\n\n\n\n<div class=\"wp-block-columns alignwide are-vertically-aligned-top is-layout-flex wp-container-core-columns-is-layout-9d6595d7 wp-block-columns-is-layout-flex\">\n<div class=\"wp-block-column is-vertically-aligned-top is-layout-flow wp-block-column-is-layout-flow\">\n<figure class=\"wp-block-image size-large\"><a href=\"https:\/\/max-leven-zentrum.de\/2021JLID\/dee\/die-kaufleute-von-ohligs\"><img loading=\"lazy\" decoding=\"async\" width=\"1024\" height=\"708\" src=\"https:\/\/max-leven-zentrum.de\/2021JLID\/wp-content\/uploads\/2021\/05\/Davids_Duesseldorfer_FotoStolp_BEA-1024x708.jpg\" alt=\"Postkarte von ca. 1910 mit dem Bekleidungs-Gesch\u00e4ft Gebr. Davids, D\u00fcsseldorfer Str. 40 (rechts). Quelle: Stadtarchiv Solingen, PK 1600\n\" class=\"wp-image-51\" srcset=\"https:\/\/max-leven-zentrum.de\/2021JLID\/wp-content\/uploads\/2021\/05\/Davids_Duesseldorfer_FotoStolp_BEA-1024x708.jpg 1024w, https:\/\/max-leven-zentrum.de\/2021JLID\/wp-content\/uploads\/2021\/05\/Davids_Duesseldorfer_FotoStolp_BEA-300x207.jpg 300w, https:\/\/max-leven-zentrum.de\/2021JLID\/wp-content\/uploads\/2021\/05\/Davids_Duesseldorfer_FotoStolp_BEA-768x531.jpg 768w, https:\/\/max-leven-zentrum.de\/2021JLID\/wp-content\/uploads\/2021\/05\/Davids_Duesseldorfer_FotoStolp_BEA-1536x1062.jpg 1536w, https:\/\/max-leven-zentrum.de\/2021JLID\/wp-content\/uploads\/2021\/05\/Davids_Duesseldorfer_FotoStolp_BEA-1568x1084.jpg 1568w, https:\/\/max-leven-zentrum.de\/2021JLID\/wp-content\/uploads\/2021\/05\/Davids_Duesseldorfer_FotoStolp_BEA.jpg 1954w\" sizes=\"auto, (max-width: 1024px) 100vw, 1024px\" \/><\/a><\/figure>\n\n\n\n<h3 class=\"wp-block-heading\"><a href=\"https:\/\/max-leven-zentrum.de\/2021JLID\/dee\/die-kaufleute-von-ohligs\">Die Kaufleute von Ohligs<\/a><\/h3>\n\n\n\n<p class=\"has-small-font-size\"><em>Von Armin Schulte und Daniela Tobias<\/em><\/p>\n\n\n\n<p>In der D\u00fcsseldorfer Stra\u00dfe in Ohligs gab es fr\u00fcher viele j\u00fcdische H\u00e4ndler und H\u00e4ndlerinnen. Dies gefiel den Nationalsozialisten nicht. Sie riefen dazu auf, in j\u00fcdischen Gesch\u00e4ften nicht mehr einzukaufen. Schon fr\u00fch kam es zu Gewalt gegen Juden und J\u00fcdinnen.<\/p>\n\n\n\n<p><a href=\"https:\/\/max-leven-zentrum.de\/2021JLID\/dee\/die-kaufleute-von-ohligs\">Zur Tour<\/a><\/p>\n<\/div>\n\n\n\n<div class=\"wp-block-column is-vertically-aligned-top is-layout-flow wp-block-column-is-layout-flow\">\n<figure class=\"wp-block-image size-large\"><a href=\"https:\/\/max-leven-zentrum.de\/2021JLID\/dee\/juedische-aerzte-und-aerztinnen-2\/\"><img loading=\"lazy\" decoding=\"async\" width=\"1024\" height=\"783\" src=\"https:\/\/max-leven-zentrum.de\/2021JLID\/wp-content\/uploads\/2021\/05\/Rueppel-Kinderstation-web-1024x783.jpg\" alt=\"Foto von Dr. Erna R\u00fcppel am Kinderkrankenbett, wohl Anfang der 1920er Jahre, Quelle: Horst Sassin\" class=\"wp-image-50\" srcset=\"https:\/\/max-leven-zentrum.de\/2021JLID\/wp-content\/uploads\/2021\/05\/Rueppel-Kinderstation-web-1024x783.jpg 1024w, https:\/\/max-leven-zentrum.de\/2021JLID\/wp-content\/uploads\/2021\/05\/Rueppel-Kinderstation-web-300x229.jpg 300w, https:\/\/max-leven-zentrum.de\/2021JLID\/wp-content\/uploads\/2021\/05\/Rueppel-Kinderstation-web-768x587.jpg 768w, https:\/\/max-leven-zentrum.de\/2021JLID\/wp-content\/uploads\/2021\/05\/Rueppel-Kinderstation-web.jpg 1200w\" sizes=\"auto, (max-width: 1024px) 100vw, 1024px\" \/><\/a><\/figure>\n\n\n\n<h3 class=\"wp-block-heading\"><a href=\"https:\/\/max-leven-zentrum.de\/2021JLID\/dee\/juedische-aerzte-und-aerztinnen-2\/\">J\u00fcdische \u00c4rzte und \u00c4rztinnen<\/a><\/h3>\n\n\n\n<p class=\"has-small-font-size\"><em>Von Dr. Horst Sassin<\/em><\/p>\n\n\n\n<p>Diese F\u00fchrung erinnert an verschiedene j\u00fcdische \u00c4rzte und \u00c4rztinnen: Dr. Paul Berkenau, Dr. Emil Kronenberg, das Ehepaar Dr. Ida und Dr. Walter Marcus, Dr. Erna R\u00fcppel und Prof. Dr. Eduard Schott. Bei ihren Patienten und Patientinnen waren diese \u00c4rzte und \u00c4rztinnen sehr beliebt, aber sie konnten ihnen nicht helfen: Die j\u00fcdischen \u00c4rzte und \u00c4rztinnen mussten ihre Praxis aufgeben, das Land verlassen oder sich verstecken. Dr. Kronenberg verschleppten die Nationalsozialisten in ein Konzentrationslager.<br>Dr. Kronenberg und Dr. R\u00fcppel lebten nach dem Krieg wieder in Solingen.<\/p>\n\n\n\n<p><a href=\"https:\/\/max-leven-zentrum.de\/2021JLID\/dee\/juedische-aerzte-und-aerztinnen-2\/\">Zur Tour<\/a><\/p>\n<\/div>\n\n\n\n<div class=\"wp-block-column is-vertically-aligned-top is-layout-flow wp-block-column-is-layout-flow\">\n<figure class=\"wp-block-image size-large\"><a href=\"https:\/\/max-leven-zentrum.de\/2021JLID\/dee\/die-familie-coppel-2\/\"><img loading=\"lazy\" decoding=\"async\" width=\"1024\" height=\"727\" src=\"https:\/\/max-leven-zentrum.de\/2021JLID\/wp-content\/uploads\/2021\/05\/RS-10125-sw-1024x727.jpg\" alt=\"Foto der Br\u00fcder Heinz, Carl Gustav, Alexander und Hermann Coppel anl\u00e4\u00dflich des 100-j\u00e4hrigen Firmenjubil\u00e4ums 1921, Quelle: Stadtarchiv Solingen, RS 10125\" class=\"wp-image-49\" srcset=\"https:\/\/max-leven-zentrum.de\/2021JLID\/wp-content\/uploads\/2021\/05\/RS-10125-sw-1024x727.jpg 1024w, https:\/\/max-leven-zentrum.de\/2021JLID\/wp-content\/uploads\/2021\/05\/RS-10125-sw-300x213.jpg 300w, https:\/\/max-leven-zentrum.de\/2021JLID\/wp-content\/uploads\/2021\/05\/RS-10125-sw-768x546.jpg 768w, https:\/\/max-leven-zentrum.de\/2021JLID\/wp-content\/uploads\/2021\/05\/RS-10125-sw-1536x1091.jpg 1536w, https:\/\/max-leven-zentrum.de\/2021JLID\/wp-content\/uploads\/2021\/05\/RS-10125-sw-2048x1455.jpg 2048w, https:\/\/max-leven-zentrum.de\/2021JLID\/wp-content\/uploads\/2021\/05\/RS-10125-sw-1568x1114.jpg 1568w\" sizes=\"auto, (max-width: 1024px) 100vw, 1024px\" \/><\/a><\/figure>\n\n\n\n<h3 class=\"wp-block-heading\"><a href=\"https:\/\/max-leven-zentrum.de\/2021JLID\/dee\/die-familie-coppel-2\/\">Die Familie Coppel<\/a><\/h3>\n\n\n\n<p class=\"has-small-font-size\"><em>Von Dietmar Gaida<\/em> und Simone Sassin<\/p>\n\n\n\n<p>Samuel Coppel war Metzger und Kaufmann. Er kam ungef\u00e4hr im Jahr 1770 nach Solingen. Urspr\u00fcnglich stammte er aus dem Raum Frankfurt. Der Sohn von Samuel Coppel hie\u00df Alexander Coppel. Alexander gr\u00fcndete im Jahr 1821 ein Stahlwaren-Unternehmen. Dieses war sp\u00e4ter weltweit t\u00e4tig. Es geh\u00f6rte der Familie Coppel bis 1936. Gustav Coppel engagierte sich sehr f\u00fcr Solingen. Daher ernannte ihn die Stadt Solingen zum Ehrenb\u00fcrger.<\/p>\n\n\n\n<p><a href=\"https:\/\/max-leven-zentrum.de\/2021JLID\/dee\/die-familie-coppel-2\/\">Zur Tour<\/a><\/p>\n<\/div>\n<\/div>\n\n\n\n<p><\/p>\n","protected":false},"excerpt":{"rendered":"<p>2021 ist das Jahr des j\u00fcdischen Lebens in Deutschland. Der Verein Max-Leven-Zentrum Solingen besch\u00e4ftigt sich mit der Geschichte von Juden und J\u00fcdinnen in Solingen. J\u00fcdische Familien gibt es in Solingen mindestens seit dem Jahr 1568. Auf unserer Website erfahren Sie mehr \u00fcber die Unternehmer-Familie Coppel, \u00fcber j\u00fcdische \u00c4rzte und \u00c4rztinnen und \u00fcber die j\u00fcdischen Kaufleute&hellip; <a class=\"more-link\" href=\"https:\/\/max-leven-zentrum.de\/2021JLID\/dee\/stadt-rundgaenge-zur-geschichte-der-juden\/\"><span class=\"screen-reader-text\">Stadtrundg\u00e4nge zur Geschichte der Juden<\/span> weiterlesen<\/a><\/p>\n","protected":false},"author":2,"featured_media":0,"parent":0,"menu_order":0,"comment_status":"closed","ping_status":"closed","template":"","meta":{"footnotes":""},"class_list":["post-337","page","type-page","status-publish","hentry","entry"],"_links":{"self":[{"href":"https:\/\/max-leven-zentrum.de\/2021JLID\/wp-json\/wp\/v2\/pages\/337","targetHints":{"allow":["GET"]}}],"collection":[{"href":"https:\/\/max-leven-zentrum.de\/2021JLID\/wp-json\/wp\/v2\/pages"}],"about":[{"href":"https:\/\/max-leven-zentrum.de\/2021JLID\/wp-json\/wp\/v2\/types\/page"}],"author":[{"embeddable":true,"href":"https:\/\/max-leven-zentrum.de\/2021JLID\/wp-json\/wp\/v2\/users\/2"}],"replies":[{"embeddable":true,"href":"https:\/\/max-leven-zentrum.de\/2021JLID\/wp-json\/wp\/v2\/comments?post=337"}],"version-history":[{"count":35,"href":"https:\/\/max-leven-zentrum.de\/2021JLID\/wp-json\/wp\/v2\/pages\/337\/revisions"}],"predecessor-version":[{"id":1437,"href":"https:\/\/max-leven-zentrum.de\/2021JLID\/wp-json\/wp\/v2\/pages\/337\/revisions\/1437"}],"wp:attachment":[{"href":"https:\/\/max-leven-zentrum.de\/2021JLID\/wp-json\/wp\/v2\/media?parent=337"}],"curies":[{"name":"wp","href":"https:\/\/api.w.org\/{rel}","templated":true}]}}