{"id":935,"date":"2021-09-16T15:01:19","date_gmt":"2021-09-16T13:01:19","guid":{"rendered":"https:\/\/max-leven-zentrum.de\/2021JLID\/?page_id=935"},"modified":"2022-11-18T15:46:27","modified_gmt":"2022-11-18T14:46:27","slug":"termine","status":"publish","type":"page","link":"https:\/\/max-leven-zentrum.de\/2021JLID\/dee\/termine\/","title":{"rendered":"F\u00fchrungen"},"content":{"rendered":"\n<p>Termine f\u00fcr F\u00fchrungen auf deutsch finden Sie <a href=\"https:\/\/max-leven-zentrum.de\/2021JLID\/termine-2\/\">hier<\/a>. <\/p>\n\n\n\n<p>F\u00fchrungen gibt es auch in Einfacher Sprache, auf Englisch und auf T\u00fcrkisch.<\/p>\n\n\n\n<p>Sie m\u00f6chten einen Termin f\u00fcr eine F\u00fchrung ausmachen? Dann schreiben Sie uns eine E-Mail an&nbsp;<a href=\"mailto:info@max-leven-zentrum.de\">info@max-leven-zentrum.de<\/a>.<\/p>\n","protected":false},"excerpt":{"rendered":"<p>Termine f\u00fcr F\u00fchrungen auf deutsch finden Sie hier. F\u00fchrungen gibt es auch in Einfacher Sprache, auf Englisch und auf T\u00fcrkisch. Sie m\u00f6chten einen Termin f\u00fcr eine F\u00fchrung ausmachen? Dann schreiben Sie uns eine E-Mail an&nbsp;info@max-leven-zentrum.de.<\/p>\n","protected":false},"author":2,"featured_media":0,"parent":0,"menu_order":0,"comment_status":"closed","ping_status":"closed","template":"","meta":{"footnotes":""},"class_list":["post-935","page","type-page","status-publish","hentry","entry"],"_links":{"self":[{"href":"https:\/\/max-leven-zentrum.de\/2021JLID\/wp-json\/wp\/v2\/pages\/935","targetHints":{"allow":["GET"]}}],"collection":[{"href":"https:\/\/max-leven-zentrum.de\/2021JLID\/wp-json\/wp\/v2\/pages"}],"about":[{"href":"https:\/\/max-leven-zentrum.de\/2021JLID\/wp-json\/wp\/v2\/types\/page"}],"author":[{"embeddable":true,"href":"https:\/\/max-leven-zentrum.de\/2021JLID\/wp-json\/wp\/v2\/users\/2"}],"replies":[{"embeddable":true,"href":"https:\/\/max-leven-zentrum.de\/2021JLID\/wp-json\/wp\/v2\/comments?post=935"}],"version-history":[{"count":3,"href":"https:\/\/max-leven-zentrum.de\/2021JLID\/wp-json\/wp\/v2\/pages\/935\/revisions"}],"predecessor-version":[{"id":1325,"href":"https:\/\/max-leven-zentrum.de\/2021JLID\/wp-json\/wp\/v2\/pages\/935\/revisions\/1325"}],"wp:attachment":[{"href":"https:\/\/max-leven-zentrum.de\/2021JLID\/wp-json\/wp\/v2\/media?parent=935"}],"curies":[{"name":"wp","href":"https:\/\/api.w.org\/{rel}","templated":true}]}}