{"id":985,"date":"2021-10-06T14:50:59","date_gmt":"2021-10-06T12:50:59","guid":{"rendered":"https:\/\/max-leven-zentrum.de\/2021JLID\/?page_id=985"},"modified":"2021-11-16T15:45:52","modified_gmt":"2021-11-16T14:45:52","slug":"yahudi-tarihinin-izinde-kent-turlari","status":"publish","type":"page","link":"https:\/\/max-leven-zentrum.de\/2021JLID\/tr\/yahudi-tarihinin-izinde-kent-turlari\/","title":{"rendered":"YAHUD\u0130 TAR\u0130H\u0130N\u0130N \u0130Z\u0130NDE KENT TURLARI"},"content":{"rendered":"\n<div class=\"wp-block-columns alignwide are-vertically-aligned-center is-style-twentytwentyone-columns-overlap is-layout-flex wp-container-core-columns-is-layout-9d6595d7 wp-block-columns-is-layout-flex\">\n<div class=\"wp-block-column is-layout-flow wp-block-column-is-layout-flow\">\n<div class=\"wp-block-image\"><figure class=\"alignright size-large\"><img loading=\"lazy\" decoding=\"async\" width=\"136\" height=\"145\" src=\"https:\/\/max-leven-zentrum.de\/2021JLID\/wp-content\/uploads\/2021\/05\/BMI_Fz_2018_Office_Farbe_small-1.png\" alt=\"Gef\u00f6rdert durch das Bundesministeriums des Innern, f\u00fcr Bau und Heimat aufgrund eines Beschlusses des Deutschen Bundestages\" class=\"wp-image-200\"\/><\/figure><\/div>\n\n\n\n<p class=\"has-large-font-size\" style=\"line-height:1.6\">2021, Almanya\u2019da 1700 y\u0131ll\u0131k bir tarihin onuruna \u00f6zel bir y\u0131l ilan edildi. \u201cAlmanya\u2019da Yahudi ya\u015fam\u0131\u201d (J\u00fcdisches Leben in Deutschland) veya k\u0131saca <a rel=\"noreferrer noopener\" href=\"https:\/\/max-leven-zentrum.de\/\" target=\"_blank\">#2021JLID<\/a>&nbsp;kapsam\u0131nda&nbsp;<a rel=\"noreferrer noopener\" href=\"https:\/\/2021jlid.de\/\" target=\"_blank\">Max-Leven-Zentrum Solingen e. V.<\/a>&nbsp;vakf\u0131, \u201cB\u0131\u00e7aklar Kenti\u201d Solingen\u2019de Yahudilerin \u00e7ok y\u00f6nl\u00fc tarihine 1568\u2019deki ilk yaz\u0131l\u0131 kay\u0131ttan ba\u015flayarak \u0131\u015f\u0131k tutuyor. Bu ama\u00e7la d\u00fczenlenen kent turlar\u0131nda sanayici Coppel ailesini, Yahudi hekimlerin toplumdaki etkisini ve Yahudi t\u00fcccarlar\u0131n kentin Ohligs semtindeki rol\u00fcn\u00fc \u00f6\u011frenebilirsiniz. Nazi d\u00f6neminde memleketlerinden s\u00fcr\u00fclen bu ailelerin g\u00fcn\u00fcm\u00fczdeki temsilcileriyle yeniden temas kurmak zaman i\u00e7inde m\u00fcmk\u00fcn olmu\u015ftur.<\/p>\n\n\n\n<p class=\"has-large-font-size\" style=\"line-height:1.6\">Turlar, mesafeye g\u00f6re yaya olarak veya bisikletli gruplar h\u00e2linde ve bir ses sistemi deste\u011fiyle ger\u00e7ekle\u015ftirilecektir. Tamam\u0131 bu web sitesinde belgelenecek olan turlar <a href=\"https:\/\/max-leven-zentrum.de\/2021JLID\/\">Almancan\u0131n<\/a> yan\u0131 s\u0131ra&nbsp;<a href=\"https:\/\/max-leven-zentrum.de\/2021JLID\/dee\/stadt-rundgaenge-zur-geschichte-der-juden\/\">basitle\u015ftirilmi\u015f Almanca<\/a>,&nbsp;<a href=\"https:\/\/max-leven-zentrum.de\/2021JLID\/en\/walking-tours-on-jewish-history\/\">\u0130ngilizce<\/a>&nbsp;ve T\u00fcrk\u00e7e sunulur.<\/p>\n\n\n\n<p class=\"has-large-font-size\" style=\"line-height:1.6\">Size \u00f6zel bir tur d\u00fczenlenmesini istiyorsan\u0131z l\u00fctfen\u00a0<a href=\"mailto:info@max-leven-zentrum.de\">info@max-leven-zentrum.de<\/a>\u00a0adresine yaz\u0131n.<\/p>\n\n\n\n<p><em>Almanca&#8217;dan Cot\u00e9 Langues taraf\u0131ndan \u00e7evrilmi\u015ftir, kas\u0131m 2021.<\/em><\/p>\n<\/div>\n<\/div>\n\n\n\n<div class=\"wp-block-columns is-layout-flex wp-container-core-columns-is-layout-9d6595d7 wp-block-columns-is-layout-flex\">\n<div class=\"wp-block-column is-layout-flow wp-block-column-is-layout-flow\">\n<figure class=\"wp-block-image size-full\"><a href=\"https:\/\/max-leven-zentrum.de\" target=\"_blank\" rel=\"noopener\"><img loading=\"lazy\" decoding=\"async\" width=\"400\" height=\"68\" src=\"https:\/\/max-leven-zentrum.de\/2021JLID\/wp-content\/uploads\/2021\/05\/Logo-MLZev-Futura.jpg\" alt=\"Logo Bildungs- und Gedenkst\u00e4tte Max-Leven-Zentrum Solingen e. V.\" class=\"wp-image-45\" srcset=\"https:\/\/max-leven-zentrum.de\/2021JLID\/wp-content\/uploads\/2021\/05\/Logo-MLZev-Futura.jpg 400w, https:\/\/max-leven-zentrum.de\/2021JLID\/wp-content\/uploads\/2021\/05\/Logo-MLZev-Futura-300x51.jpg 300w\" sizes=\"auto, (max-width: 400px) 100vw, 400px\" \/><\/a><\/figure>\n<\/div>\n\n\n\n<div class=\"wp-block-column is-layout-flow wp-block-column-is-layout-flow\" style=\"flex-basis:40%\">\n<figure class=\"wp-block-image size-large\"><a href=\"https:\/\/2021jlid.de\/\" target=\"_blank\" rel=\"noopener\"><img loading=\"lazy\" decoding=\"async\" width=\"1024\" height=\"191\" src=\"https:\/\/max-leven-zentrum.de\/2021JLID\/wp-content\/uploads\/2021\/05\/2021JLID_quer_rgb-1024x191.png\" alt=\"Logo Festjahr 2021 J\u00fcdisches Leben in Deutschland\" class=\"wp-image-44\" srcset=\"https:\/\/max-leven-zentrum.de\/2021JLID\/wp-content\/uploads\/2021\/05\/2021JLID_quer_rgb-1024x191.png 1024w, https:\/\/max-leven-zentrum.de\/2021JLID\/wp-content\/uploads\/2021\/05\/2021JLID_quer_rgb-300x56.png 300w, https:\/\/max-leven-zentrum.de\/2021JLID\/wp-content\/uploads\/2021\/05\/2021JLID_quer_rgb-768x143.png 768w, https:\/\/max-leven-zentrum.de\/2021JLID\/wp-content\/uploads\/2021\/05\/2021JLID_quer_rgb-1536x287.png 1536w, https:\/\/max-leven-zentrum.de\/2021JLID\/wp-content\/uploads\/2021\/05\/2021JLID_quer_rgb-1568x293.png 1568w, https:\/\/max-leven-zentrum.de\/2021JLID\/wp-content\/uploads\/2021\/05\/2021JLID_quer_rgb.png 2047w\" sizes=\"auto, (max-width: 1024px) 100vw, 1024px\" \/><\/a><\/figure>\n<\/div>\n<\/div>\n\n\n\n<hr class=\"wp-block-separator\"\/>\n\n\n\n<div class=\"wp-block-columns alignwide are-vertically-aligned-top is-layout-flex wp-container-core-columns-is-layout-9d6595d7 wp-block-columns-is-layout-flex\">\n<div class=\"wp-block-column is-vertically-aligned-top is-layout-flow wp-block-column-is-layout-flow\">\n<figure class=\"wp-block-image size-large\"><a href=\"https:\/\/max-leven-zentrum.de\/2021JLID\/tr\/ohligsin-yahudi-tueccarlari\/\"><img loading=\"lazy\" decoding=\"async\" width=\"1024\" height=\"708\" src=\"https:\/\/max-leven-zentrum.de\/2021JLID\/wp-content\/uploads\/2021\/05\/Davids_Duesseldorfer_FotoStolp_BEA-1024x708.jpg\" alt=\"Postkarte von ca. 1910 mit dem Bekleidungs-Gesch\u00e4ft Gebr. Davids, D\u00fcsseldorfer Str. 40 (rechts). Quelle: Stadtarchiv Solingen, PK 1600\n\" class=\"wp-image-51\" srcset=\"https:\/\/max-leven-zentrum.de\/2021JLID\/wp-content\/uploads\/2021\/05\/Davids_Duesseldorfer_FotoStolp_BEA-1024x708.jpg 1024w, https:\/\/max-leven-zentrum.de\/2021JLID\/wp-content\/uploads\/2021\/05\/Davids_Duesseldorfer_FotoStolp_BEA-300x207.jpg 300w, https:\/\/max-leven-zentrum.de\/2021JLID\/wp-content\/uploads\/2021\/05\/Davids_Duesseldorfer_FotoStolp_BEA-768x531.jpg 768w, https:\/\/max-leven-zentrum.de\/2021JLID\/wp-content\/uploads\/2021\/05\/Davids_Duesseldorfer_FotoStolp_BEA-1536x1062.jpg 1536w, https:\/\/max-leven-zentrum.de\/2021JLID\/wp-content\/uploads\/2021\/05\/Davids_Duesseldorfer_FotoStolp_BEA-1568x1084.jpg 1568w, https:\/\/max-leven-zentrum.de\/2021JLID\/wp-content\/uploads\/2021\/05\/Davids_Duesseldorfer_FotoStolp_BEA.jpg 1954w\" sizes=\"auto, (max-width: 1024px) 100vw, 1024px\" \/><\/a><\/figure>\n\n\n\n<h3 class=\"wp-block-heading\"><a href=\"https:\/\/max-leven-zentrum.de\/2021JLID\/tr\/ohligsin-yahudi-tueccarlari\/\">Ohligs\u2019in Yahudi T\u00fcccarlar\u0131<\/a><\/h3>\n\n\n\n<p class=\"has-small-font-size\"><em><em>Haz\u0131rlayanlar: Armin Schulte ve Daniela Tobias<\/em><\/em><\/p>\n\n\n\n<p>D\u00fcsseldorfer Stra\u00dfe\u2019de toplanan Yahudi t\u00fcccarlar, 19. y\u00fczy\u0131l sonlar\u0131ndan itibaren Ohligs semtinde g\u00f6r\u00fclen canl\u0131 ve parlak geli\u015fmenin vazge\u00e7ilmez unsuruydu. Ancak Nasyonal Sosyalist Parti iktidar\u0131yla birlikte t\u0131rmanan anti-Semitik propagandada h\u0131zla hedef h\u00e2line getirildiler. <\/p>\n\n\n\n<p><a href=\"https:\/\/max-leven-zentrum.de\/2021JLID\/tr\/ohligsin-yahudi-tueccarlari\/\">Tur sayfas\u0131<\/a><\/p>\n<\/div>\n\n\n\n<div class=\"wp-block-column is-vertically-aligned-top is-layout-flow wp-block-column-is-layout-flow\">\n<figure class=\"wp-block-image size-large\"><a href=\"https:\/\/max-leven-zentrum.de\/2021JLID\/tr\/yahudi-hekimler\/\"><img loading=\"lazy\" decoding=\"async\" width=\"1024\" height=\"783\" src=\"https:\/\/max-leven-zentrum.de\/2021JLID\/wp-content\/uploads\/2021\/05\/Rueppel-Kinderstation-web-1024x783.jpg\" alt=\"Foto von Dr. Erna R\u00fcppel am Kinderkrankenbett, wohl Anfang der 1920er Jahre, Quelle: Horst Sassin\" class=\"wp-image-50\" srcset=\"https:\/\/max-leven-zentrum.de\/2021JLID\/wp-content\/uploads\/2021\/05\/Rueppel-Kinderstation-web-1024x783.jpg 1024w, https:\/\/max-leven-zentrum.de\/2021JLID\/wp-content\/uploads\/2021\/05\/Rueppel-Kinderstation-web-300x229.jpg 300w, https:\/\/max-leven-zentrum.de\/2021JLID\/wp-content\/uploads\/2021\/05\/Rueppel-Kinderstation-web-768x587.jpg 768w, https:\/\/max-leven-zentrum.de\/2021JLID\/wp-content\/uploads\/2021\/05\/Rueppel-Kinderstation-web.jpg 1200w\" sizes=\"auto, (max-width: 1024px) 100vw, 1024px\" \/><\/a><\/figure>\n\n\n\n<h3 class=\"wp-block-heading\"><a href=\"https:\/\/max-leven-zentrum.de\/2021JLID\/tr\/yahudi-hekimler\/\">Yahudi Hekimler<\/a><\/h3>\n\n\n\n<p class=\"has-small-font-size\"><em><em>Haz\u0131rlayan: Dr. Horst Sassin<\/em><\/em><\/p>\n\n\n\n<p>Bu tur Dr. Paul Berkenau, Dr. Emil Kronenberg, kar\u0131 koca hekimler Dr. Ida ve Dr. Walter Marcus, Dr. Erna R\u00fcppel ve Prof. Dr. Eduard Schott\u2019un an\u0131s\u0131n\u0131 canland\u0131rmaktad\u0131r. Bu hekimlerin yazg\u0131s\u0131 hastalar\u0131n\u0131n bir\u00e7o\u011fu i\u00e7in de \u00e7ok sars\u0131c\u0131yd\u0131, ancak muayenehanelerinin kapat\u0131lmas\u0131n\u0131, \u00fclkeden ayr\u0131lmak veya saklanmak zorunda kalmalar\u0131n\u0131, hatta Dr. Kronenberg \u00f6rne\u011findeki gibi toplama kamp\u0131na g\u00f6nderilmelerini \u00f6nlemek m\u00fcmk\u00fcn olmad\u0131. Dr. Kronenberg ve Dr. Erna R\u00fcppel sava\u015ftan sonra Solingen\u2019e d\u00f6nmeyi ba\u015fard\u0131lar.<\/p>\n\n\n\n<p><a href=\"https:\/\/max-leven-zentrum.de\/2021JLID\/tr\/yahudi-hekimler\/\">Tur sayfas\u0131<\/a><\/p>\n<\/div>\n\n\n\n<div class=\"wp-block-column is-vertically-aligned-top is-layout-flow wp-block-column-is-layout-flow\">\n<figure class=\"wp-block-image size-large\"><a href=\"https:\/\/max-leven-zentrum.de\/2021JLID\/tr\/coppel-ailesi\/\"><img loading=\"lazy\" decoding=\"async\" width=\"1024\" height=\"727\" src=\"https:\/\/max-leven-zentrum.de\/2021JLID\/wp-content\/uploads\/2021\/05\/RS-10125-sw-1024x727.jpg\" alt=\"Foto der Br\u00fcder Heinz, Carl Gustav, Alexander und Hermann Coppel anl\u00e4\u00dflich des 100-j\u00e4hrigen Firmenjubil\u00e4ums 1921, Quelle: Stadtarchiv Solingen, RS 10125\" class=\"wp-image-49\" srcset=\"https:\/\/max-leven-zentrum.de\/2021JLID\/wp-content\/uploads\/2021\/05\/RS-10125-sw-1024x727.jpg 1024w, https:\/\/max-leven-zentrum.de\/2021JLID\/wp-content\/uploads\/2021\/05\/RS-10125-sw-300x213.jpg 300w, https:\/\/max-leven-zentrum.de\/2021JLID\/wp-content\/uploads\/2021\/05\/RS-10125-sw-768x546.jpg 768w, https:\/\/max-leven-zentrum.de\/2021JLID\/wp-content\/uploads\/2021\/05\/RS-10125-sw-1536x1091.jpg 1536w, https:\/\/max-leven-zentrum.de\/2021JLID\/wp-content\/uploads\/2021\/05\/RS-10125-sw-2048x1455.jpg 2048w, https:\/\/max-leven-zentrum.de\/2021JLID\/wp-content\/uploads\/2021\/05\/RS-10125-sw-1568x1114.jpg 1568w\" sizes=\"auto, (max-width: 1024px) 100vw, 1024px\" \/><\/a><\/figure>\n\n\n\n<h3 class=\"wp-block-heading\"><a href=\"https:\/\/max-leven-zentrum.de\/2021JLID\/tr\/coppel-ailesi\/\">Coppel Ailesi<\/a><\/h3>\n\n\n\n<p class=\"has-small-font-size\"><em><em>Haz\u0131rlayanlar: Dietmar Gaida<\/em>&nbsp;ve Simone Sassin<\/em><\/p>\n\n\n\n<p>Kasap ve t\u00fcccar Coppel Samuel, 1770\u2019te Frankfurt b\u00f6lgesinden Solingen\u2019e gelmi\u015fti. O\u011flunu Alexander Coppel\u2019in 1821\u2019de kurdu\u011fu \u00e7elik e\u015fya fabrikas\u0131 zamanla uluslararas\u0131 \u00f6l\u00e7ekte faaliyet g\u00f6stermeye ba\u015flad\u0131 ve 1936\u2019ya kadar bu ailenin y\u00f6netiminde kald\u0131. Toplumsal ve siyasal alanlardaki \u00e7ok y\u00f6nl\u00fc katk\u0131lar\u0131ndan \u00f6t\u00fcr\u00fc Gustav Coppel\u2019e 1906\u2019da Solingen\u2019in fahri hem\u015fehrisi unvan\u0131 verildi.<\/p>\n\n\n\n<p> <a href=\"https:\/\/max-leven-zentrum.de\/2021JLID\/tr\/coppel-ailesi\/\">Tur sayfas\u0131<\/a> <\/p>\n<\/div>\n<\/div>\n\n\n\n<p><\/p>\n","protected":false},"excerpt":{"rendered":"<p>2021, Almanya\u2019da 1700 y\u0131ll\u0131k bir tarihin onuruna \u00f6zel bir y\u0131l ilan edildi. \u201cAlmanya\u2019da Yahudi ya\u015fam\u0131\u201d (J\u00fcdisches Leben in Deutschland) veya k\u0131saca #2021JLID&nbsp;kapsam\u0131nda&nbsp;Max-Leven-Zentrum Solingen e. V.&nbsp;vakf\u0131, \u201cB\u0131\u00e7aklar Kenti\u201d Solingen\u2019de Yahudilerin \u00e7ok y\u00f6nl\u00fc tarihine 1568\u2019deki ilk yaz\u0131l\u0131 kay\u0131ttan ba\u015flayarak \u0131\u015f\u0131k tutuyor. Bu ama\u00e7la d\u00fczenlenen kent turlar\u0131nda sanayici Coppel ailesini, Yahudi hekimlerin toplumdaki etkisini ve Yahudi t\u00fcccarlar\u0131n kentin&hellip; <a class=\"more-link\" href=\"https:\/\/max-leven-zentrum.de\/2021JLID\/tr\/yahudi-tarihinin-izinde-kent-turlari\/\"><span class=\"screen-reader-text\">YAHUD\u0130 TAR\u0130H\u0130N\u0130N \u0130Z\u0130NDE KENT TURLARI<\/span> weiterlesen<\/a><\/p>\n","protected":false},"author":2,"featured_media":0,"parent":0,"menu_order":0,"comment_status":"closed","ping_status":"closed","template":"","meta":{"footnotes":""},"class_list":["post-985","page","type-page","status-publish","hentry","entry"],"_links":{"self":[{"href":"https:\/\/max-leven-zentrum.de\/2021JLID\/wp-json\/wp\/v2\/pages\/985","targetHints":{"allow":["GET"]}}],"collection":[{"href":"https:\/\/max-leven-zentrum.de\/2021JLID\/wp-json\/wp\/v2\/pages"}],"about":[{"href":"https:\/\/max-leven-zentrum.de\/2021JLID\/wp-json\/wp\/v2\/types\/page"}],"author":[{"embeddable":true,"href":"https:\/\/max-leven-zentrum.de\/2021JLID\/wp-json\/wp\/v2\/users\/2"}],"replies":[{"embeddable":true,"href":"https:\/\/max-leven-zentrum.de\/2021JLID\/wp-json\/wp\/v2\/comments?post=985"}],"version-history":[{"count":8,"href":"https:\/\/max-leven-zentrum.de\/2021JLID\/wp-json\/wp\/v2\/pages\/985\/revisions"}],"predecessor-version":[{"id":1320,"href":"https:\/\/max-leven-zentrum.de\/2021JLID\/wp-json\/wp\/v2\/pages\/985\/revisions\/1320"}],"wp:attachment":[{"href":"https:\/\/max-leven-zentrum.de\/2021JLID\/wp-json\/wp\/v2\/media?parent=985"}],"curies":[{"name":"wp","href":"https:\/\/api.w.org\/{rel}","templated":true}]}}